= 0. Let z = 29481 + p. Is z a prime number?
True
Suppose -41*i + 36*i = -5*v + 3507930, -v + 701580 = 5*i. Is v a prime number?
False
Let k = 218 + -214. Is -3 - 45294/(-12)*k composite?
True
Is 6 - (-15 + 14)/(2/48782) a prime number?
False
Suppose -1204*c + 402854 = -1193*c - 835119. Is c composite?
False
Suppose -2*l + 117 = 5*z, z + 5*l - 39 = -11. Suppose -16*h - 81739 = -z*h. Is h a prime number?
True
Let p = 101 + -158. Let n = -50 - p. Is 2/n + 3598/98 prime?
True
Suppose -2*i + 145708 = -6*z + 11*z, 5*z + 10 = 0. Is i composite?
False
Suppose -3*i + 17 = 4*v, 2*v - 5 = 2*i - 7*i. Suppose -v*a - 4*y = -14943, -11 = y - 8. Is a composite?
True
Suppose 0 = 3*n - 84 + 9. Suppose -17*h - 55 = 387. Is (n + h)*(-3358 - 1) composite?
False
Let y = 138 - 49. Suppose 4026 = -37*r + 4*r. Let m = y - r. Is m a prime number?
True
Let l(b) = 12685*b**3 - 6*b**2 - b + 2. Let p be l(1). Let u = 18293 - p. Is u a composite number?
True
Let j(y) = 30*y**2 + 11*y - 37. Let u(p) = 30*p**2 + 13*p - 38. Let f(s) = 3*j(s) - 2*u(s). Is f(-12) a prime number?
True
Let b(w) be the first derivative of 13/3*w**3 + 14 - 9*w - w**2. Is b(4) composite?
False
Suppose -77*q = 81*q - 7636298. Is q a prime number?
False
Suppose 0 = r + g - 726, 2*r - 3*g = 422 + 1015. Let d = r + 755. Let i = d - 481. Is i a prime number?
True
Suppose m - 6 = -3. Suppose 0*f + 483 = 5*z + 4*f, -6 = -m*f. Suppose -200 - z = -t. Is t a prime number?
False
Let a be (-1 + 2/6)/(1/(-21)). Suppose -13*q = -a*q - 10. Let o(x) = -x**3 + x**2 - 8*x - 21. Is o(q) a composite number?
True
Suppose 555 = 3*o + 3*w, -2*w - 365 = -2*o - 7. Let t = o - -2267. Is t a prime number?
False
Let f = 221 + -218. Suppose f*h - 13268 = -7*x + 8*x, 3*h = 5*x + 13288. Is h prime?
True
Suppose -8*f + 13*f - 10 = 0. Suppose 4*v - f = 2*a - a, 4*v + 4*a = -8. Suppose v = 6*l + 5*l - 3377. Is l a prime number?
True
Suppose 0*w = -w + 5. Let y(j) = 6*j**2 - 55*j + 4. Let x be y(9). Is (2099/x)/(-1)*w prime?
True
Let o(l) = -l**2 + 40 + 8*l - 38 + 6*l - 29. Let t be o(12). Is (-3)/(-2 - (-4 - t)) + 223 composite?
True
Suppose 26521 = 4*u + u + o, 20 = -5*o. Suppose 14*w - 9*w = -4*y + 4244, -w - u = -5*y. Is y prime?
True
Suppose -b - 115 = -4*i, 4*b - 22 - 50 = -3*i. Let c = i + -27. Is (3 + (-2 - -3792))/c a composite number?
False
Let h = 17 + -8. Let a(t) = 9 - 957*t + h - 10. Is a(-1) prime?
False
Suppose -16*p + 17*p + 3*r - 786832 = 0, 2*r = 3*p - 2360573. Is p prime?
False
Is -11 + 23 + -9 - (-5)/(15/704514) a prime number?
False
Suppose -91*n - 9635723 = -144*n - 1910178. Is n a prime number?
False
Let b = -11450 + -268. Is b/(-18) + (1 - 1) - 4 prime?
True
Let h(v) = 18 - 4*v + 0*v + 7*v. Let t be h(-5). Is t*-230*3/(-18) prime?
False
Let n(m) = -7*m**3 - 12*m**2 + 11*m - 33. Suppose -2 = t, z = 2*t - 3*t - 13. Is n(z) a prime number?
False
Suppose 4*i - 5*t = 17, -2*t = -4*i - 6*t + 44. Suppose i*p - 37 = -5. Suppose 4*b - 880 = p*y - 2*y, 10 = -5*y. Is b a prime number?
False
Let b(j) be the second derivative of 391*j**4/24 - 7*j**2 - 4*j. Let v(o) be the first derivative of b(o). Is v(1) composite?
True
Let b(g) = g**3 - 6*g**2 + 3*g - 19. Let f(r) = 1. Let z(q) = b(q) + 6*f(q). Let p be z(6). Suppose -y + p*c = -0*y - 1261, -3*y + 3783 = 2*c. Is y composite?
True
Let i(t) = -1162*t + 208. Let u be i(-16). Suppose j = 2*a - 5199, -8*a - j + 1991 = -u. Is a a composite number?
True
Is (-9)/6*(-6489924)/126 a prime number?
True
Let d(k) = 232*k**2 - 18*k + 1365. Is d(23) a prime number?
False
Let m = 26 - 26. Let t = -49 + 51. Suppose -t*s = 8, m*d = -2*d - s + 1070. Is d a composite number?
True
Let c(l) = 276*l - 2 + 0 + 3. Suppose 3*t - 7*t = 20, 0 = 3*b - 4*t - 35. Is c(b) prime?
True
Suppose -5*x - 5*v + 86115 - 28360 = 0, 5*x = v + 57743. Is x a prime number?
True
Let k(h) = h**3 + 6*h**2 - 6*h + 13. Let w be k(-7). Is (-2)/((-4)/w) - (-5459 + 131) a composite number?
True
Let g(n) = -366*n**3 + 6*n**2 + 3*n + 1. Is g(-4) prime?
True
Suppose -3*c - 190362 = -2*b, -4*b - 9*c + 380724 = -6*c. Is b composite?
True
Let c(r) = -41*r**2 - 68*r - 55. Let n(g) = -2*g - 32. Let q be n(-17). Let i(x) = -10*x**2 - 17*x - 14. Let u(h) = q*c(h) - 9*i(h). Is u(-11) a prime number?
True
Let q(z) = 2*z**2 + 38*z - 44. Let g be q(-20). Is (-7)/(126/(-82035)) + (-6)/g composite?
True
Suppose 3*x = -4*r + 323962, x - 137960 = -2*r + 24020. Is r a prime number?
True
Let y(q) = 9*q**3 + 34*q**2 - 218*q - 14. Is y(27) composite?
False
Let t be -1 - (-8)/3 - 3/(-9). Suppose -2*l + 6373 = -5*c, t*c = l - 5*l + 12806. Is l prime?
False
Let t(g) = 8*g**2 - 8*g + 3. Let b be t(4). Suppose -6*q + 9 = b. Is (-16749)/(-15) - (3 - (-51)/q) a composite number?
False
Suppose -3*w + 4*o - 62859 = -6*w, 0 = 3*w - 3*o - 62880. Is w prime?
False
Let n = -3151 - 16955. Is n/(-27)*9/6 a prime number?
True
Let x = 10304 + 17199. Is x a composite number?
True
Suppose 27*s = -14826 - 31884. Let j = s - -3267. Is j composite?
True
Let w(d) = d**2 + 18*d - 2. Let x be w(-15). Let g = 51 + x. Suppose m - 5*l + 197 = 4*m, -l + 240 = g*m. Is m a prime number?
True
Is 697100/6 + (-12)/36 prime?
False
Suppose 0 = -5*d + 3*d. Suppose 4*k + 6 - 26 = d. Is ((-4971)/6)/(k/(-10)) a composite number?
False
Suppose -13*l = -12*l - 1250. Suppose -5*p + l = 5*c, p = -4*c - 0*c + 1003. Is c a prime number?
True
Let r be (-18)/30*-1 + (-26)/10. Let s(c) = 330*c**3 - 2*c**2 - c + 1. Let f be s(r). Let q = f - -3864. Is q a prime number?
False
Is (-311789)/(-3) + (10/(-6))/((-165)/132) a composite number?
True
Let b(f) = 741*f + 33. Suppose 11 = 3*l + 2*h - 0, 25 = 3*l - 5*h. Let u be b(l). Suppose -24703 = -7*g - u. Is g a composite number?
True
Suppose -93*d - 49*d = -53*d - 4728481. Is d a composite number?
False
Let m(x) = 673*x + 200. Let s(q) = 2018*q + 601. Let d(n) = 8*m(n) - 3*s(n). Is d(-7) a prime number?
False
Let y be 168/(12/3)*(-4)/(-24). Suppose -2*s + 16554 = 5*l, 5*s = y*l - 9*l + 41427. Is s prime?
True
Suppose 45 = 5*a - 5*q, -4*a + 24 - 3 = q. Suppose -a*f = -0*f - 66. Suppose 0 = -f*n + 9*n + 2222. Is n a composite number?
True
Let i = -8272 - -13215. Let l = i + 2956. Is l a prime number?
False
Let c(o) = 16863*o + 230. Let z be c(12). Is 104/468 + (z/(-9))/(-2) a prime number?
False
Is (-710732)/(-12) + 18/(-27) a prime number?
False
Let i(x) = -x**3 - 7*x**2 + 9*x + 12. Let l be i(-8). Let g be (-1)/(-30 + 27 + 10/4). Suppose -3*p - n = -g*n - 183, p - 74 = -l*n. Is p composite?
True
Suppose -z = 8*t - 4877246, 5*t - 4*z = 3329040 - 280789. Is t prime?
False
Suppose 5*u = 178863 + 234292. Is u prime?
False
Suppose 32*u - 2*l = 27*u - 19, -7 = 5*u + 4*l. Is ((-15)/5)/(u/79 + 0) a composite number?
False
Let d be (-11)/((-99)/(-12))*(-18)/4. Suppose 2*q + t = 1362, 0 = -4*q - d*t + 2*t + 2732. Is q a composite number?
True
Suppose 3*l = -l + 108. Let b be (-6)/l - 32/18. Is b*1/5 - (-747)/5 composite?
False
Suppose 0 = -64*v + 103*v - 23233002 + 3201393. Is v composite?
False
Suppose -2*j + 73521 = 2*i - 94595, j - 5*i = 84052. Is j a composite number?
True
Suppose -4*d + 2*d - 4*l = 0, 0 = 4*l - 4. Let v(u) = -399*u**2 - 3*u + 3. Let a(x) = 2*x**2 + 2*x. Let r(p) = -2*a(p) - v(p). Is r(d) composite?
False
Let u(g) = -g**3 - 26*g**2 - 28*g - 55. Let d be u(-27). Is 5 + 4*(d + 3) a prime number?
True
Suppose -5*d - 63 = 1027. Is (d/(-12))/((-18)/(-108)) composite?
False
Suppose -31 + 11 = -10*c. Is c/6*(2995 + -22) a prime number?
True
Let s(i) = 111*i**2 + 14*i - 23. Let x be (-20)/(-11) - 16/(-88). Is s(x) composite?
False
Let k(a) be the third derivative of -a**6/36 - 31*a**5/120 + a**4/2 + 4*a**2. Let t(y) be the second derivative of k(y). Is t(-5) a prime number?
False
Let m(r) = -65*r + 3. Let s be (5 + -2 - (-36)/(-15))*5. Suppose 0 = -s*l + 2*h - h - 16, -4*h + 12 = l. Is m(l) a prime number?
True
Let y = 356 - 353. Suppose -63432 = -4*w - 2*i, -31724 = -2*w - 0*i + y*i. Is w prime?
True
Suppose -34*b + 4*q = -32*b + 68, -4*b - 5*q - 84 = 0. Is -6 + b*850/(-20) a prime number?
False
Suppose -4*w + 4*d + 6035808 = 0, 0 = -4*w - 4*d + 4360929 + 1674871. Is w a prime number?
True
Suppose 105*b - 113*b = 511024. Is b/(-6) + (77/21)/(-11) composite?
True
Suppose 568*t - 572*t = 8. Is 4/(-8) - (5 + 2685/t) prime?
False
Let k(r) be t